 0 = -3*f - 4*n - 0*n - 17. Let v(t) = -t**2 - 5*t - 3. Calculate v(f).
3
Suppose -3*j = 2*j. Let i(f) = 11*f. Let x(y) = -7*y. Let l(s) = -5*i(s) - 8*x(s). Let d(o) = -3*o + 4. Let h(g) = -d(g) - 4*l(g). Determine h(j).
-4
Suppose 5*r + 6 = 26. Let s(w) = w - 5. Calculate s(r).
-1
Let w = 13 - 7. Let j be (-1 + -2)/((2 + 1)/(-3)). Suppose w = 3*v - j. Let r(d) = -d**2. Calculate r(v).
-9
Let c(j) = -4 + 1 + 2 + 3*j. Let b(m) = -26*m + 10. Let l(t) = -5*t + 2. Let s(x) = -2*b(x) + 11*l(x). Let z(a) = -3*c(a) - 2*s(a). Calculate z(2).
-7
Let t = -3 - -7. Let o(a) be the first derivative of -1/3*a**3 - 4*a + 2 + 3*a**2. What is o(t)?
4
Let c be 15/6 + (-6)/(-4). Let t(f) = 3*f - 10. Let i(u) = 3*u - 11. Let q(g) = -5*i(g) + 6*t(g). Calculate q(c).
7
Let m(u) = -u**3 - 2*u**2 + 8*u - 3. Let n be m(-4). Let i(h) = 5*h + 4. Determine i(n).
-11
Let y = 17 + -17. Let t(f) = -f**2 + f + 3. What is t(y)?
3
Let k = -7 + 5. Let w(g) be the second derivative of -g**4/12 - g**3/6 - g**2 - 22*g. What is w(k)?
-4
Let o(h) = 7*h**2 + 16*h - 3. Let z(t) = 10*t**2 + 24*t - 5. Let s(p) = 7*o(p) - 5*z(p). Suppose -u - 4*a + 3*a = 12, -52 = 4*u + 5*a. What is s(u)?
4
Let f(l) = -5*l + 3 - l**2 + 5*l - l. Let i(s) = -s**3 - s**2 - 2*s - 2. Let d be i(-2). Let m be -3 + (0 + d - 3). Calculate f(m).
3
Let h(x) = x**3 - 2*x**2 + x - 2. Let o be h(2). Let t be -2*2/(-4) - -2. Let b(u) = -1 + u**2 + t - 7. What is b(o)?
-5
Let j(o) be the first derivative of -o**7/840 + o**6/360 - o**5/120 + o**4/8 - o**3 + 3. Let f(w) be the third derivative of j(w). Give f(0).
3
Let l be (2 - 3)*(1 - 4). Let o = 16 + -11. Let x(f) = -f + 0*f + 0 - 3 + o. Calculate x(l).
-1
Let g(i) = i**3 - 6*i**2 + 7*i - 4. Let b be g(5). Suppose 0 = -3*q - 0*q + b. Let o(l) = l**3 - 6 + 2*l**2 - l**q + 0. Determine o(0).
-6
Let y(m) = -m - 2. Let t be y(-5). Let c(u) = -22 + 0*u - 3*u + 4*u + 23. What is c(t)?
4
Let v(h) = -h**2 + 4*h - 3. Let z(j) be the first derivative of j**4/4 - 10*j**3/3 + 9*j**2/2 + 4*j + 4. Let n be z(9). Calculate v(n).
-3
Suppose 0 = -5*r + 3*r + 6. Let l(o) = -o**2 + 3*o - 2. Calculate l(r).
-2
Let y(p) = -p**2 + p + 1. Suppose 5*n + 14 + 1 = -2*k, -5*n - 15 = k. Let x be 1 + k + (1 - 4). Calculate y(x).
-5
Let r = -4 - -7. Let k(p) = -7 + 2*p**2 + r + 2*p + 3. Let a(x) = x - 3. Let j be a(1). Determine k(j).
3
Let f(p) be the third derivative of -1/60*p**5 + 0*p - p**2 + 0 - 2/3*p**3 + 0*p**4. Give f(0).
-4
Let o(v) = v + 12. Let n be o(-10). Let f(s) = n*s + 0 - 3 - s**2 + 1. Determine f(2).
-2
Let c(h) = -h**2 + 4*h - 3. Let q(i) = i**2 - 10*i - 6. Let k be q(11). What is c(k)?
-8
Let y = 47 - 48. Let k(s) be the third derivative of -s**6/120 - s**4/24 - s**3/6 - 2*s**2. Give k(y).
1
Let n(i) be the second derivative of i**3/6 - i**2 - 10*i. Determine n(5).
3
Let o(k) = k**2 + k - 6. Let w be o(-4). Let i(d) = 2*d**2 + d - 1. Let m be i(1). Let z(b) = 1 - m*b - 4 - b + w*b. What is z(2)?
3
Let q = 64 + -63. Let h(l) = 23*l**2 - 2*l + 11. Let d(y) = -12*y**2 + y - 6. Let w(v) = 11*d(v) + 6*h(v). What is w(q)?
5
Let g be (14/(-6) + 3)*3. Let m(n) = -6 + 7 + 1 + 2*n + n**g. Give m(-3).
5
Let a(h) = 12 - 2 - h**3 - 7*h**2 - 10*h - 2*h**2 + 2*h. Calculate a(-8).
10
Let j(w) = w**3 + 9*w**2 + 7*w - 6. Let v be j(-8). Let q(p) be the first derivative of -6*p + 5/2*p**v + 1 - 1/3*p**3. What is q(5)?
-6
Suppose 0 = -0*a + 3*a - 2*a. Let l(b) be the third derivative of 0*b**3 + 0*b**4 + a + 0*b - 1/30*b**5 - 2*b**2. Give l(-1).
-2
Let x(f) be the first derivative of f**3/3 + 2*f**2 - 2*f + 30. Give x(-4).
-2
Let p(m) = -m - 1. Let o(q) = 4*q**2 + 6*q**3 + 1 + 4*q + 2*q**2 - 5*q**3. Let d be o(-5). Give p(d).
-7
Let t(u) be the third derivative of -u**5/60 + u**3/6 + 4*u**2. Let p = 2 + -3. What is t(p)?
0
Let c = 0 - 5. Let v(z) = 5*z**2 + 3*z**3 + 1 + z**2 - 5 + 4*z - 2*z**3. Give v(c).
1
Let y(d) = 4*d**2 + d + 1 - 2*d**2 - 8*d**3 + 6*d**2. Let h(r) = -2*r - 7*r**3 + 1 - 1 + 1 + 7*r**2 + 3*r. Let x(o) = 7*h(o) - 6*y(o). What is x(0)?
1
Suppose 5 = -2*j - 3*i, -2*i - 2 = -0. Let n(s) = 2*s**2 - s - 1. What is n(j)?
2
Suppose -6*j + 2 = -3*j + 4*w, -j + 2*w + 4 = 0. Let l(x) be the second derivative of 1/2*x**2 + 0 + 3*x + 1/6*x**3. Calculate l(j).
3
Let n be 4/10 + (-16)/(-10). Let f(z) = 5 + z**2 - n + z - 2 - 2. Let a = -5 + 3. Determine f(a).
1
Let x(t) = t**2 - 3*t - 3. Let d be x(3). Let w(g) = -5*g + 1. What is w(d)?
16
Suppose x - 20 = 4*c, c + 4 + 1 = 4*x. Suppose r - 6 = -x. Let h(p) = -2*p + 5. Give h(r).
-7
Suppose 4*d - d = 0. Let j(r) = 5*r**2 + r - 1 + 1 + d. Let f be (-2)/((-2)/3*-3). Determine j(f).
4
Let t(i) = 11*i + 6. Let b(x) = -120*x - 65. Let k(z) = 6*b(z) + 65*t(z). Let y = 2 - 1. Suppose 3*p - 7 = -6*c + c, p + y = -5*c. Calculate k(c).
5
Suppose 0 = 2*n - 6 + 2. Let q(f) = 2*f + 1. Let m be q(n). Let s(b) = -b**2 + 2*b - b + m*b. What is s(5)?
5
Suppose 5 = 5*b - 0. Let z(f) = -12*f**2 + b - f + 3*f**3 + 12 + 0*f**2. Let i(l) = -l**3 + 6*l**2 + l - 6. Let j(n) = -5*i(n) - 2*z(n). Determine j(-5).
-6
Suppose 0 = -y + 10 - 12. Let r(a) = a**3 - a**2 - a - 1. Give r(y).
-11
Suppose 2*q + t = 1, 5*q - 1 = -5*t + 2*t. Let g(m) = -2*m**2 + 3*m + 2. Let x(w) = -3*w**2 + 5*w + 3. Let j(y) = 5*g(y) - 3*x(y). Determine j(q).
-3
Let k(b) = b**2 - 4*b - 1. Let z(f) = -f**2 - 6*f - 4. Let u be z(-4). Let i be k(u). Let n(a) = -304*a - 1 + 1 + 154*a + 156*a. What is n(i)?
-6
Let y(r) = -2 - 3*r**2 + 6 + 7*r**2 + 4*r. Let b(l) = 3*l**2 + 4*l + 3. Let s(u) = 5*b(u) - 4*y(u). What is s(5)?
-6
Let t(n) = n**2 + n. Let m(q) = q**2 + q + 1. Let v(d) = -6*d**2 - 3*d. Let l(c) = -m(c) - v(c). Let y(g) = -l(g) + 6*t(g). Determine y(-3).
-2
Suppose i = -4*i - 5. Let q(a) = -8*a - 1. Determine q(i).
7
Let d(f) = 6*f + 4. Let v(a) = -5*a - 3. Let i(w) = 2*d(w) + 3*v(w). Let t be (1*2)/(-2) - 1. What is i(t)?
5
Let s(p) be the first derivative of p**4/4 - p**2 - p + 3. Suppose 0 = -0*j + 4*j - 16. Suppose 0 = -j*m, -f + 2 = -3*f + 3*m. What is s(f)?
0
Let g(t) = 2*t. Let j(w) = 4*w + 1. Let r(y) = -13*g(y) + 6*j(y). Let s(h) = h - 5. Let u(n) = -4*r(n) - 5*s(n). Determine u(2).
7
Let r(o) be the second derivative of -2*o**3/3 - o**2/2 + 7*o. Determine r(2).
-9
Let r(v) = -4*v**3 - 5*v**2 - 7*v + 2 + 3*v**3 + 7*v - v. Determine r(-4).
-10
Let y(g) = -1 - 6*g + g**2 + 3*g - 4. Let c = 0 + -3. Let n be (-1)/(3/c) - -4. What is y(n)?
5
Let k(m) = -m**2 - 10*m + 13. Let f be k(-11). Let b(l) = -7 + l**f + 4 - l**3 - 4*l - 5*l**2 - l**2. Calculate b(-3).
-9
Suppose 0 = -3*y + 4*f + 34, 3*f + 17 + 7 = 2*y. Let x(r) = -r**3 + 6*r**2 + r + 8. Calculate x(y).
14
Let l(y) = 5*y - 17. Let v(z) = 3*z - 8. Let c(m) = -4*l(m) + 7*v(m). Determine c(-9).
3
Suppose -2*m + 6 = -2*q, -19 = -m - 0*q + 5*q. Let w(k) = -2*k + k**2 - 3*k**2 + k - 1. Give w(m).
-2
Let x(v) be the first derivative of v**4/4 + 3*v**3 + 5*v**2/2 - 2*v + 8. What is x(-8)?
22
Let r(j) = -j - 4. Let x(z) = -5*z - 20. Let v(d) = d - 4. Let u be v(3). Let b be (-3 - u)*22/(-4). Let l(g) = b*r(g) - 2*x(g). What is l(0)?
-4
Let k(u) be the third derivative of -u**6/120 + u**5/15 - u**4/6 + u**3/6 + 15*u**2. Calculate k(3).
-2
Let s(b) = -3*b**2 + b**2 + 1 - 4*b + 2*b**2 - b**2. Give s(-3).
4
Let z(l) be the second derivative of 7*l**4/12 - 2*l. Let t be -5 + 5 + (-1 - -1). Let d(q) = -q**3 + q**2 - q + 1. Let w be d(t). Determine z(w).
7
Suppose 3*r = 2*r + 3. Let h(a) = -2*a**2 + 9*a + 1. Let b(j) = j + 1. Let i(n) = 4*b(n) - h(n). Calculate i(r).
6
Let j(g) = 2*g - 3*g - g. Let p = -10 - -11. What is j(p)?
-2
Suppose -5*u = -0*u - 20. Let g(t) be the first derivative of -2 - 1/4*t**4 + t**3 - t + 3*t**2. Give g(u).
7
Let l(j) = -16 + 20 - 2 + j**2 + 3*j. Suppose y = -3*x + 5*y - 28, y = -2*x - 4. What is l(x)?
6
Let n(o) be the third derivative of -o**5/60 + 5*o**4/24 - o**3/2 - o**2. Suppose 0 = z - 2*j - 2*j + 1, -8 = -2*z - 2*j. Determine n(z).
3
Suppose -5 = 2*w - 19. Let b(s) = -2*s + 10. Let k be b(w). Let o(l) be the first derivative of 2*l**3/3 + 3*l**2 - 1. Calculate o(k).
8
Let q(t) = 5*t + 4. Suppose 5 + 3 = -4*n. Let a be q(n). Let u(j) = -j - 8. What is u(a)?
-2
Let d(s) = -7*s**3 + s. Let j(l) = -2*l**2 + 5*l**3 + 2 - 1 - 3*l**3. Let y be j(1). What is d(y)?
-6
Let f = -8 - -6. Suppose -v + 9 = 2*v. Let c(p) 